640.
7
Calculate the remainder when 396127 is divided by 79225.
2
What is the remainder when 102022039 is divided by 1904?
7
Calculate the remainder when 729972 is divided by 1659.
12
Calculate the remainder when 5405186 is divided by 2275.
2061
What is the remainder when 3850029 is divided by 305?
14
Calculate the remainder when 4410086 is divided by 391.
388
Calculate the remainder when 877158 is divided by 292364.
66
What is the remainder when 1624312 is divided by 162426?
52
Calculate the remainder when 236125 is divided by 988.
981
What is the remainder when 20643296 is divided by 10321636?
24
Calculate the remainder when 4367 is divided by 1039.
211
What is the remainder when 62568382 is divided by 155?
152
What is the remainder when 3027 is divided by 566?
197
Calculate the remainder when 4108712 is divided by 580.
572
Calculate the remainder when 126480 is divided by 493.
272
What is the remainder when 566568 is divided by 98?
30
What is the remainder when 1982080 is divided by 285?
190
What is the remainder when 12266525 is divided by 993?
989
What is the remainder when 1013643 is divided by 337845?
108
What is the remainder when 1320174 is divided by 139?
91
Calculate the remainder when 822133 is divided by 102.
13
Calculate the remainder when 77477 is divided by 15459.
182
What is the remainder when 63552 is divided by 63312?
240
Calculate the remainder when 3593984 is divided by 1705.
1549
Calculate the remainder when 23567 is divided by 79.
25
Calculate the remainder when 788811 is divided by 552.
3
What is the remainder when 42347 is divided by 991?
725
Calculate the remainder when 1824420 is divided by 1.
0
What is the remainder when 277035254 is divided by 16?
6
Calculate the remainder when 5189981 is divided by 453.
413
Calculate the remainder when 78986938 is divided by 137.
136
Calculate the remainder when 6889066 is divided by 2318.
2288
Calculate the remainder when 919162 is divided by 306384.
10
What is the remainder when 207027 is divided by 17233?
231
Calculate the remainder when 245326 is divided by 1555.
1191
What is the remainder when 5358161 is divided by 1071629?
16
What is the remainder when 95382 is divided by 244?
222
Calculate the remainder when 27416495 is divided by 23.
12
Calculate the remainder when 448124 is divided by 1146.
38
What is the remainder when 59045879 is divided by 62?
55
Calculate the remainder when 28420808 is divided by 28.
24
Calculate the remainder when 68187 is divided by 1325.
612
Calculate the remainder when 573743248 is divided by 162.
160
Calculate the remainder when 17635433 is divided by 979745.
23
Calculate the remainder when 22385221 is divided by 45.
16
Calculate the remainder when 1057796 is divided by 151110.
26
Calculate the remainder when 65773 is divided by 700.
673
What is the remainder when 554712 is divided by 1262?
694
Calculate the remainder when 1828526 is divided by 353.
339
Calculate the remainder when 89887462 is divided by 711.
709
Calculate the remainder when 148061 is divided by 148030.
31
What is the remainder when 14607160 is divided by 55?
40
What is the remainder when 155178570 is divided by 51726190?
0
What is the remainder when 221615 is divided by 72?
71
What is the remainder when 52928327 is divided by 1187?
1184
What is the remainder when 560648 is divided by 200?
48
Calculate the remainder when 239058431 is divided by 4608.
4607
What is the remainder when 7518691 is divided by 252?
19
What is the remainder when 1641246 is divided by 1531?
14
What is the remainder when 21245642 is divided by 400861?
9
Calculate the remainder when 2293077 is divided by 8653.
32
What is the remainder when 1615910438 is divided by 13?
12
What is the remainder when 133126 is divided by 10238?
32
What is the remainder when 9378252 is divided by 16511?
4
What is the remainder when 747614593 is divided by 455?
453
Calculate the remainder when 146843 is divided by 143.
125
What is the remainder when 31582 is divided by 13579?
4424
What is the remainder when 91019 is divided by 859?
824
Calculate the remainder when 305370 is divided by 216.
162
What is the remainder when 5260044 is divided by 2629606?
832
What is the remainder when 207855 is divided by 51958?
23
What is the remainder when 79382076 is divided by 2101?
2094
Calculate the remainder when 274351 is divided by 98.
49
Calculate the remainder when 996903 is divided by 1177.
1161
Calculate the remainder when 12466692 is divided by 2517.
2508
What is the remainder when 56097119 is divided by 456?
455
What is the remainder when 1362110 is divided by 2283?
1442
What is the remainder when 54454943 is divided by 2866049?
12
What is the remainder when 1059525 is divided by 156?
129
What is the remainder when 7216208 is divided by 9520?
48
Calculate the remainder when 13273 is divided by 2655.
2653
Calculate the remainder when 12004 is divided by 5516.
972
Calculate the remainder when 1148779 is divided by 2795.
34
What is the remainder when 979618 is divided by 24?
10
What is the remainder when 3997836 is divided by 999405?
216
Calculate the remainder when 26174 is divided by 1634.
30
What is the remainder when 36866 is divided by 6127?
104
What is the remainder when 3658428 is divided by 49?
39
Calculate the remainder when 1070506 is divided by 559.
21
Calculate the remainder when 32984692 is divided by 127.
125
Calculate the remainder when 34354541 is divided by 808.
805
What is the remainder when 166773 is divided by 884?
581
Calculate the remainder when 831583 is divided by 2468.
2335
What is the remainder when 584938 is divided by 50?
38
Calculate the remainder when 7981 is divided by 356.
149
What is the remainder when 73324 is divided by 18173?
632
What is the remainder when 2122311 is divided by 34?
31
What is the remainder when 2717105 is divided by 374?
369
Calculate the remainder when 3976783 is divided by 13435.
23
Calculate the remainder when 43617 is divided by 21715.
187
Calculate the remainder when 24050 is divided by 5823.
758
Calculate the remainder when 727592 is divided by 970.
92
What is the remainder when 17112157 is divided by 18341?
4
What is the remainder when 2405535 is divided by 23?
11
What is the remainder when 106400 is divided by 447?
14
Calculate the remainder when 937957 is divided by 3449.
3278
What is the remainder when 159305 is divided by 79398?
509
Calculate the remainder when 731733 is divided by 163.
26
Calculate the remainder when 32371375 is divided by 3037.
3029
Calculate the remainder when 478341 is divided by 238315.
1711
Calculate the remainder when 2458467 is divided by 917.
907
Calculate the remainder when 43292 is divided by 2057.
95
Calculate the remainder when 574058 is divided by 44060.
1278
What is the remainder when 124376 is divided by 2603?
2035
Calculate the remainder when 1315364 is divided by 263070.
14
What is the remainder when 155104 is divided by 658?
474
Calculate the remainder when 15291486 is divided by 2570.
2556
What is the remainder when 1713049 is divided by 10640?
9
Calculate the remainder when 44993127 is divided by 44993127.
0
Calculate the remainder when 11532038 is divided by 130.
128
What is the remainder when 382316 is divided by 381174?
1142
What is the remainder when 391866 is divided by 118?
106
Calculate the remainder when 3743023 is divided by 143961.
37
What is the remainder when 186001 is divided by 4894?
29
Calculate the remainder when 19886627 is divided by 986.
979
What is the remainder when 132538557 is divided by 60?
57
Calculate the remainder when 2502452 is divided by 1714.
12
Calculate the remainder when 485567397 is divided by 2323.
2322
Calculate the remainder when 180504 is divided by 1480.
1424
What is the remainder when 12081044 is divided by 1094?
2
What is the remainder when 7860167 is divided by 1965037?
19
Calculate the remainder when 440750 is divided by 21830.
4150
What is the remainder when 129303 is divided by 4444?
427
What is the remainder when 2410279 is divided by 344324?
11
Calculate the remainder when 49265 is divided by 4924.
25
Calculate the remainder when 2128641 is divided by 709536.
33
Calculate the remainder when 2292994 is divided by 2292715.
279
Calculate the remainder when 172593 is divided by 2466.
2439
